14) in base 7?
-23
Convert 12 (base 11) to base 12.
11
1010000 (base 2) to base 16
50
2 (base 14) to base 15
2
Convert -16 (base 12) to base 7.
-24
6 (base 13) to base 4
12
What is -5 (base 7) in base 5?
-10
Convert 231 (base 5) to base 6.
150
-120 (base 6) to base 8
-60
Convert -11 (base 3) to base 16.
-4
-115 (base 6) to base 12
-3b
Convert -205 (base 9) to base 5.
-1132
-110 (base 2) to base 7
-6
-10 (base 8) to base 14
-8
-2 (base 4) to base 14
-2
Convert 1 (base 9) to base 4.
1
0 (base 3) to base 10
0
Convert -46 (base 8) to base 11.
-35
What is -5 (base 15) in base 11?
-5
What is 3 (base 15) in base 5?
3
222 (base 5) to base 10
62
What is -11 (base 6) in base 9?
-7
43 (base 7) to base 14
23
2 (base 8) to base 16
2
-6 (base 10) to base 14
-6
0 (base 5) to base 13
0
Convert -11 (base 2) to base 16.
-3
-3 (base 14) to base 4
-3
What is -8 (base 12) in base 11?
-8
10100 (base 2) to base 8
24
What is -220 (base 5) in base 12?
-50
What is 16 (base 15) in base 9?
23
What is -20 (base 5) in base 7?
-13
Convert a (base 16) to base 8.
12
What is 8 (base 11) in base 13?
8
Convert 15 (base 10) to base 9.
16
261 (base 10) to base 11
218
Convert 100 (base 2) to base 6.
4
Convert 14 (base 10) to base 16.
e
What is -6 (base 8) in base 4?
-12
Convert -1 (base 4) to base 8.
-1
What is 10a (base 11) in base 2?
10000011
What is 4 (base 15) in base 11?
4
-1 (base 13) to base 15
-1
-3 (base 6) to base 13
-3
Convert -4 (base 15) to base 9.
-4
What is 1 (base 10) in base 9?
1
Convert e (base 16) to base 4.
32
Convert 4 (base 11) to base 15.
4
Convert 1b0 (base 13) to base 16.
138
What is -514 (base 7) in base 6?
-1104
What is 135 (base 14) in base 10?
243
Convert 90 (base 11) to base 16.
63
-3 (base 16) to base 3
-10
Convert -1000 (base 2) to base 5.
-13
Convert 10 (base 9) to base 2.
1001
What is -12 (base 14) in base 2?
-10000
-28 (base 12) to base 6
-52
-1 (base 9) to base 4
-1
11 (base 3) to base 8
4
Convert 11000 (base 2) to base 5.
44
24 (base 12) to base 14
20
Convert 21 (base 3) to base 15.
7
-6 (base 16) to base 12
-6
What is 3 (base 14) in base 3?
10
Convert 1 (base 14) to base 13.
1
What is 4 (base 8) in base 12?
4
-2 (base 16) to base 14
-2
What is 1033 (base 4) in base 8?
117
Convert -6 (base 16) to base 9.
-6
1 (base 10) to base 4
1
What is -19 (base 14) in base 5?
-43
Convert -cd (base 16) to base 10.
-205
4 (base 14) to base 2
100
-232 (base 5) to base 10
-67
Convert -39 (base 16) to base 2.
-111001
-2320 (base 4) to base 11
-158
-5 (base 7) to base 4
-11
Convert 5 (base 15) to base 10.
5
Convert 4 (base 15) to base 4.
10
Convert 3 (base 11) to base 5.
3
-1 (base 8) to base 12
-1
What is -29 (base 16) in base 14?
-2d
-9 (base 11) to base 5
-14
Convert d (base 14) to base 9.
14
Convert 4 (base 15) to base 7.
4
What is -3a (base 15) in base 4?
-313
What is -2 (base 5) in base 16?
-2
Convert 5 (base 10) to base 13.
5
Convert 0 (base 9) to base 5.
0
Convert -21 (base 12) to base 7.
-34
What is 13 (base 6) in base 12?
9
What is -7 (base 13) in base 14?
-7
What is 2020 (base 3) in base 4?
330
What is 10 (base 16) in base 7?
22
Convert -1 (base 14) to base 16.
-1
What is 26 (base 13) in base 16?
20
What is -3 (base 12) in base 4?
-3
What is -15 (base 15) in base 10?
-20
Convert 145 (base 7) to base 8.
122
What is 14 (base 10) in base 5?
24
2002 (base 3) to base 8
70
-3 (base 12) to base 13
-3
Convert 0 (base 5) to base 15.
0
0 (base 7) to base 15
0
What is -145 (base 11) in base 6?
-442
What is -6 (base 14) in base 8?
-6
Convert -15 (base 11) to base 8.
-20
22 (base 14) to base 13
24
What is 4 (base 14) in base 2?
100
Convert 6 (base 12) to base 7.
6
-109 (base 11) to base 9
-154
-1 (base 13) to base 16
-1
2 (base 9) to base 13
2
5 (base 11) to base 2
101
What is -10 (base 4) in base 6?
-4
Convert -12 (base 6) to base 15.
-8
What is -223 (base 7) in base 8?
-163
What is -5 (base 14) in base 2?
-101
-3 (base 15) to base 7
-3
-22 (base 9) to base 10
-20
What is 16 (base 9) in base 16?
f
a3 (base 13) to base 12
b1
What is 235 (base 7) in base 8?
174
Convert -22 (base 7) to base 9.
-17
Convert -12 (base 3) to base 6.
-5
Convert 20 (base 13) to base 6.
42
What is -11 (base 5) in base 8?
-6
Convert -3 (base 10) to base 9.
-3
124 (base 10) to base 6
324
-5a (base 16) to base 14
-66
What is -7 (base 9) in base 3?
-21
What is 10000101 (base 2) in base 14?
97
273 (base 8) to base 4
2323
77 (base 13) to base 8
142
Convert -10100 (base 2) to base 7.
-26
-505 (base 6) to base 14
-d3
1 (base 6) to base 4
1
-101 (base 5) to base 11
-24
Convert -1344 (base 6) to base 16.
-160
What is -2143 (base 5) in base 8?
-452
What is -9 (base 16) in base 10?
-9
30 (base 10) to base 6
50
What is 0 (base 6) in base 7?
0
9 (base 13) to base 7
12
10020 (base 3) to base 4
1113
Convert -2 (base 5) to base 9.
-2
Convert -39 (base 10) to base 6.
-103
What is -6 (base 14) in base 3?
-20
-14 (base 8) to base 11
-11
Convert 32 (base 6) to base 16.
14
-110 (base 2) to base 16
-6
Convert 2 (base 9) to base 16.
2
-11 (base 9) to base 13
-a
-2 (base 4) to base 10
-2
-22 (base 7) to base 13
-13
What is 5 (base 12) in base 5?
10
What is 1 (base 2) in base 12?
1
Convert -1c (base 13) to base 4.
-121
-10a (base 16) to base 3
-100212
-5 (base 15) to base 14
-5
10012 (base 3) to base 2
1010110
Convert -1 (base 16) to base 8.
-1
Convert 2 (base 9) to base 16.
2
What is 1 (base 8) in base 13?
1
What is -3 (base 9) in base 8?
-3
What is c (base 15) in base 12?
10
What is -10 (base 2) in base 12?
-2
What is -25 (base 15) in base 16?
-23
What is 194 (base 12) in base 3?
100111
What is -11 (base 16) in base 6?
-25
Convert 0 (base 15) to base 13.
0
Convert 2 (base 3) to base 6.
2
Convert -1 (base 10) to base 9.
-1
51 (base 9) to base 14
34
What is -6 (base 12) in base 14?
-6
What is -20222 (base 3) in base 15?
-c8
1120 (base 3) to base 7
60
What is -25 (base 13) in base 3?
-1011
What is -11 (base 16) in base 13?
-14
Convert 8 (base 9) to base 2.
1000
Convert 11101 (base 3) to base 16.
76
Convert -11 (base 3) to base 7.
-4
What is -a (base 11) in base 14?
-a
Convert 0 (base 6) to base 16.
0
-3 (base 10) to base 6
-3
What is 100 (base 3) in base 12?
9
7 (base 15) to base 5
12
1 (base 13) to base 5
1
Convert -154 (base 9) to base 13.
-a0
5 (base 15) to base 9
5
Convert a (base 11) to base 15.
a
37 (base 8) to base 5
111
Convert 1 (base 6) to base 4.
1
What is 4b (base 12) in base 5?
214
Convert 2 (base 16) to base 15.
2
102 (base 4) to base 5
33
a (base 14) to base 9
11
What is 23 (base 5) in base 8?
15
Convert 0 (base 15) to base 3.
0
What is 0 (base 9) in base 6?
0
30 (base 9) to base 5
102
3 (base 11) to base 12
3
Convert -3 (base 7) to base 6.
-3
Convert -48 (base 9) to base 12.
-38
Convert 101 (base 6) to base 7.
52
205 (base 6) to base 15
52
What is 1 (base 7) in base 9?
1
1100 (base 3) to base 13
2a
What is -3302 (base 4) in base 16?
-f2
Convert 19 (base 16) to base 10.
25
What is 3 (base 15) in base 14?
3
-5 (base 11) to base 16
-5
Convert -6 (base 8) to base 5.
-11
Convert 1 (base 16) to base 10.
1
1011001 (base 2) to base 7
155
Convert -1 (base 10) to base 6.
-1
Convert 10 (base 4) to base 11.
4
117 (base 10) to base 9
140
Convert 10 (base 5) to base 11.
5
454 (base 8) to base 15
150
0 (base 15) to base 12
0
Convert -16 (base 10) to base 12.
-14
4 (base 14) to base 16
4
Convert 11101 (base 2) to base 16.
1d
What is -21 (base 12) in base 2?
-11001
What is 7 (base 11) in base 9?
7
0 (base 9) to base 10
0
Convert 2 (base 9) to base 16.
2
What is -54 (base 8) in base 11?
-40
What is -2 (base 6) in base 8?
-2
-13e (base 15) to base 7
-554
Convert 15 (base 6) to base 14.
b
Convert 11 (base 4) to base 10.
5
-11 (base 2) to base 15
-3
1422 (base 5) to base 8
355
18 (base 11) to base 13
16
Convert 7 (base 10) to base 12.
7
2001 (base 3) to base 8
67
Convert -1221 (base 3) to base 16.
-34
What is -215 (base 6) in base 5?
-313
What is 14 (base 8) in base 4?
30
-5 (base 7) to base 8
-5
What is -5 (base 10) in base 14?
-5
Convert -2 (base 8) to base 15.
-2
Convert 53 (base 12) to base 10.
63
Convert -243 (base 8) to base 13.
-c7
Convert -4 (base 13) to base 14.
-4
What is 210 (base 10) in base 6?
550
Convert 7 (base 16) to base 13.
7
Convert -66 (base 14) to base 7.
-156
What is -53 (base 6) in base 4?
-201
